{"id":15645,"date":"2023-07-04T16:41:38","date_gmt":"2024-03-07T09:19:45","guid":{"rendered":"https:\/\/erbeticino.ch\/sale-dautore-chef-bellanca\/"},"modified":"2024-03-07T10:19:45","modified_gmt":"2024-03-07T09:19:45","slug":"sale-dautore-chef-bellanca","status":"publish","type":"product","link":"https:\/\/erbeticino.ch\/de\/sale-dautore-chef-bellanca\/","title":{"rendered":"Designer-Salz Chef Bellanca"},"content":{"rendered":"<p>          <i>Das charakteristische graue Salz verdankt seine Farbe seinem hohen Mineralgehalt. Die Feuchtigkeit beg\u00fcnstigt die Kombination der Zutaten und setzt den intensiven und aromatischen Geschmack der Pflanzen frei. Von der Frische der Minze bis hin zu den zarteren Aromen von Melisse und Lippenbl\u00fctler wird die perfekte Kombination f\u00fcr wei\u00dfes Fleisch und Gem\u00fcse geschaffen.<\/i><\/p>\n","protected":false},"excerpt":{"rendered":"<p>Das charakteristische graue Salz verdankt seine Farbe seinem hohen Mineralgehalt. Die Feuchtigkeit beg\u00fcnstigt die Kombination der Zutaten und setzt den intensiven und aromatischen Geschmack der Pflanzen frei. Von der Frische der Minze bis hin zu den zarteren Aromen von Melisse und Lippenbl\u00fctler wird die perfekte Kombination f\u00fcr wei\u00dfes Fleisch und Gem\u00fcse geschaffen.<\/p>\n","protected":false},"featured_media":13467,"comment_status":"closed","ping_status":"closed","template":"","meta":[],"product_brand":[],"product_cat":[114],"product_tag":[260,393],"class_list":{"0":"post-15645","1":"product","2":"type-product","3":"status-publish","4":"has-post-thumbnail","6":"product_cat-aromen-und-salz","7":"product_tag-aroma-und-salz","8":"product_tag-promopage-de","10":"first","11":"instock","12":"taxable","13":"shipping-taxable","14":"purchasable","15":"product-type-simple"},"_links":{"self":[{"href":"https:\/\/erbeticino.ch\/de\/wp-json\/wp\/v2\/product\/15645","targetHints":{"allow":["GET"]}}],"collection":[{"href":"https:\/\/erbeticino.ch\/de\/wp-json\/wp\/v2\/product"}],"about":[{"href":"https:\/\/erbeticino.ch\/de\/wp-json\/wp\/v2\/types\/product"}],"replies":[{"embeddable":true,"href":"https:\/\/erbeticino.ch\/de\/wp-json\/wp\/v2\/comments?post=15645"}],"wp:featuredmedia":[{"embeddable":true,"href":"https:\/\/erbeticino.ch\/de\/wp-json\/wp\/v2\/media\/13467"}],"wp:attachment":[{"href":"https:\/\/erbeticino.ch\/de\/wp-json\/wp\/v2\/media?parent=15645"}],"wp:term":[{"taxonomy":"product_brand","embeddable":true,"href":"https:\/\/erbeticino.ch\/de\/wp-json\/wp\/v2\/product_brand?post=15645"},{"taxonomy":"product_cat","embeddable":true,"href":"https:\/\/erbeticino.ch\/de\/wp-json\/wp\/v2\/product_cat?post=15645"},{"taxonomy":"product_tag","embeddable":true,"href":"https:\/\/erbeticino.ch\/de\/wp-json\/wp\/v2\/product_tag?post=15645"}],"curies":[{"name":"wp","href":"https:\/\/api.w.org\/{rel}","templated":true}]}}

<p>          <i>Das charakteristische graue Salz verdankt seine Farbe seinem hohen Mineralgehalt. Die Feuchtigkeit begünstigt die Kombination der Zutaten und setzt den intensiven und aromatischen Geschmack der Pflanzen frei. Von der Frische der Minze bis hin zu den zarteren Aromen von Melisse und Lippenblütler wird die perfekte Kombination für weißes Fleisch und Gemüse geschaffen.</i></p>

<p>Das charakteristische graue Salz verdankt seine Farbe seinem hohen Mineralgehalt. Die Feuchtigkeit begünstigt die Kombination der Zutaten und setzt den intensiven und aromatischen Geschmack der Pflanzen frei. Von der Frische der Minze bis hin zu den zarteren Aromen von Melisse und Lippenblütler wird die perfekte Kombination für weißes Fleisch und Gemüse geschaffen.</p>
