{"id":19422,"date":"2026-03-16T14:20:22","date_gmt":"2026-03-16T13:20:22","guid":{"rendered":"https:\/\/erbeticino.ch\/brennnessel-kraeutertee\/"},"modified":"2026-03-18T10:46:35","modified_gmt":"2026-03-18T09:46:35","slug":"brennnessel-kraeutertee","status":"publish","type":"product","link":"https:\/\/erbeticino.ch\/de\/brennnessel-kraeutertee\/","title":{"rendered":"Brennnessel-Kr\u00e4utertee"},"content":{"rendered":"<p>Brennnessel-Kr\u00e4utertees regen den Appetit und den Stoffwechsel an.<\/p>\n<p>Zutaten: Brennnessel<\/p>\n<p>Lose Kr\u00e4utertees \u2013 ein traditioneller Genuss f\u00fcr echte Kenner. Die klassischen aromatischen Kr\u00e4utermischungen von Raselli werden im Zeichen von Nat\u00fcrlichkeit und Harmonie hergestellt, in kontrollierter Bio-Qualit\u00e4t.<\/p>\n","protected":false},"excerpt":{"rendered":"<p>Brennnessel-Kr\u00e4utertees regen den Appetit und den Stoffwechsel an. Zutaten: Brennnessel Lose Kr\u00e4utertees \u2013 ein traditioneller Genuss f\u00fcr echte Kenner. Die klassischen aromatischen Kr\u00e4utermischungen von Raselli werden im Zeichen von Nat\u00fcrlichkeit und Harmonie hergestellt, in kontrollierter Bio-Qualit\u00e4t.<\/p>\n","protected":false},"featured_media":19421,"comment_status":"closed","ping_status":"closed","template":"","meta":[],"product_brand":[],"product_cat":[166],"product_tag":[],"class_list":{"0":"post-19422","1":"product","2":"type-product","3":"status-publish","4":"has-post-thumbnail","6":"product_cat-krautertees","8":"first","9":"instock","10":"taxable","11":"shipping-taxable","12":"purchasable","13":"product-type-simple"},"_links":{"self":[{"href":"https:\/\/erbeticino.ch\/de\/wp-json\/wp\/v2\/product\/19422","targetHints":{"allow":["GET"]}}],"collection":[{"href":"https:\/\/erbeticino.ch\/de\/wp-json\/wp\/v2\/product"}],"about":[{"href":"https:\/\/erbeticino.ch\/de\/wp-json\/wp\/v2\/types\/product"}],"replies":[{"embeddable":true,"href":"https:\/\/erbeticino.ch\/de\/wp-json\/wp\/v2\/comments?post=19422"}],"wp:featuredmedia":[{"embeddable":true,"href":"https:\/\/erbeticino.ch\/de\/wp-json\/wp\/v2\/media\/19421"}],"wp:attachment":[{"href":"https:\/\/erbeticino.ch\/de\/wp-json\/wp\/v2\/media?parent=19422"}],"wp:term":[{"taxonomy":"product_brand","embeddable":true,"href":"https:\/\/erbeticino.ch\/de\/wp-json\/wp\/v2\/product_brand?post=19422"},{"taxonomy":"product_cat","embeddable":true,"href":"https:\/\/erbeticino.ch\/de\/wp-json\/wp\/v2\/product_cat?post=19422"},{"taxonomy":"product_tag","embeddable":true,"href":"https:\/\/erbeticino.ch\/de\/wp-json\/wp\/v2\/product_tag?post=19422"}],"curies":[{"name":"wp","href":"https:\/\/api.w.org\/{rel}","templated":true}]}}

Brennnessel-Kräutertee

<p>Brennnessel-Kräutertees regen den Appetit und den Stoffwechsel an.</p>
<p>Zutaten: Brennnessel</p>
<p>Lose Kräutertees – ein traditioneller Genuss für echte Kenner. Die klassischen aromatischen Kräutermischungen von Raselli werden im Zeichen von Natürlichkeit und Harmonie hergestellt, in kontrollierter Bio-Qualität.</p>

<p>Brennnessel-Kräutertees regen den Appetit und den Stoffwechsel an. Zutaten: Brennnessel Lose Kräutertees – ein traditioneller Genuss für echte Kenner. Die klassischen aromatischen Kräutermischungen von Raselli werden im Zeichen von Natürlichkeit und Harmonie hergestellt, in kontrollierter Bio-Qualität.</p>
