{"id":19431,"date":"2026-03-06T08:57:27","date_gmt":"2026-03-06T07:57:27","guid":{"rendered":"https:\/\/erbeticino.ch\/bio-verbene-kraeutertee\/"},"modified":"2026-03-18T11:30:24","modified_gmt":"2026-03-18T10:30:24","slug":"bio-verbene-kraeutertee","status":"publish","type":"product","link":"https:\/\/erbeticino.ch\/de\/bio-verbene-kraeutertee\/","title":{"rendered":"Bio-Verbene-Kr\u00e4utertee"},"content":{"rendered":"<p>Zutaten: Verbene<\/p>\n<p>Lose Kr\u00e4utertees \u2013 ein traditioneller Genuss f\u00fcr echte Kenner. Die klassischen aromatischen Kr\u00e4utermischungen von Raselli werden im Zeichen von Nat\u00fcrlichkeit und Harmonie hergestellt, in kontrollierter Bio-Qualit\u00e4t.<\/p>\n<p>25 g in einer Kartonverpackung<\/p>\n","protected":false},"excerpt":{"rendered":"<p>Zutaten: Verbene Lose Kr\u00e4utertees \u2013 ein traditioneller Genuss f\u00fcr echte Kenner. Die klassischen aromatischen Kr\u00e4utermischungen von Raselli werden im Zeichen von Nat\u00fcrlichkeit und Harmonie hergestellt, in kontrollierter Bio-Qualit\u00e4t. 25 g in einer Kartonverpackung<\/p>\n","protected":false},"featured_media":19430,"comment_status":"closed","ping_status":"closed","template":"","meta":[],"product_brand":[],"product_cat":[166],"product_tag":[],"class_list":{"0":"post-19431","1":"product","2":"type-product","3":"status-publish","4":"has-post-thumbnail","6":"product_cat-krautertees","8":"first","9":"instock","10":"taxable","11":"shipping-taxable","12":"purchasable","13":"product-type-simple"},"_links":{"self":[{"href":"https:\/\/erbeticino.ch\/de\/wp-json\/wp\/v2\/product\/19431","targetHints":{"allow":["GET"]}}],"collection":[{"href":"https:\/\/erbeticino.ch\/de\/wp-json\/wp\/v2\/product"}],"about":[{"href":"https:\/\/erbeticino.ch\/de\/wp-json\/wp\/v2\/types\/product"}],"replies":[{"embeddable":true,"href":"https:\/\/erbeticino.ch\/de\/wp-json\/wp\/v2\/comments?post=19431"}],"wp:featuredmedia":[{"embeddable":true,"href":"https:\/\/erbeticino.ch\/de\/wp-json\/wp\/v2\/media\/19430"}],"wp:attachment":[{"href":"https:\/\/erbeticino.ch\/de\/wp-json\/wp\/v2\/media?parent=19431"}],"wp:term":[{"taxonomy":"product_brand","embeddable":true,"href":"https:\/\/erbeticino.ch\/de\/wp-json\/wp\/v2\/product_brand?post=19431"},{"taxonomy":"product_cat","embeddable":true,"href":"https:\/\/erbeticino.ch\/de\/wp-json\/wp\/v2\/product_cat?post=19431"},{"taxonomy":"product_tag","embeddable":true,"href":"https:\/\/erbeticino.ch\/de\/wp-json\/wp\/v2\/product_tag?post=19431"}],"curies":[{"name":"wp","href":"https:\/\/api.w.org\/{rel}","templated":true}]}}

Bio-Verbene-Kräutertee

<p>Zutaten: Verbene</p>
<p>Lose Kräutertees – ein traditioneller Genuss für echte Kenner. Die klassischen aromatischen Kräutermischungen von Raselli werden im Zeichen von Natürlichkeit und Harmonie hergestellt, in kontrollierter Bio-Qualität.</p>
<p>25 g in einer Kartonverpackung</p>

<p>Zutaten: Verbene Lose Kräutertees – ein traditioneller Genuss für echte Kenner. Die klassischen aromatischen Kräutermischungen von Raselli werden im Zeichen von Natürlichkeit und Harmonie hergestellt, in kontrollierter Bio-Qualität. 25 g in einer Kartonverpackung</p>
