{"id":8787,"date":"2021-10-25T14:14:02","date_gmt":"2021-11-19T11:13:19","guid":{"rendered":"https:\/\/erbeticino.ch\/ihnen-gewidmet\/"},"modified":"2021-11-19T12:13:36","modified_gmt":"2021-11-19T11:13:36","slug":"ihnen-gewidmet","status":"publish","type":"product","link":"https:\/\/erbeticino.ch\/de\/ihnen-gewidmet\/","title":{"rendered":"Ihnen gewidmet"},"content":{"rendered":"<p>Aromen und D\u00fcfte, die jeden Herbst- oder Wintertag versch\u00f6nern k\u00f6nnen. Unser Wohlf\u00fchl-Kr\u00e4utertee mit Bio-Kr\u00e4utern aus dem Tessin, zwei Packungen handwerklich hergestellter Kekse, eine T\u00fcte exklusiver Pralinen aus dem Sortiment von &#8222;Chocolat Stella&#8220; und ein veganes und \u00f6kologisch nachhaltiges St\u00fcck Lavendelseife, das ebenfalls auf unseren Feldern angebaut wird. Null-Kilometer-Kuscheln.<\/p>\n","protected":false},"excerpt":{"rendered":"<p>Der Duft von Lavendel in einem exklusiven Seifenst\u00fcck, ein Wellness-Kr\u00e4utertee, zwei P\u00e4ckchen handwerklich hergestellter Kekse und unsere ausgew\u00e4hlten &#8222;Chocolat Stella&#8220;-Pralinen.<\/p>\n","protected":false},"featured_media":8426,"comment_status":"open","ping_status":"closed","template":"","meta":[],"product_brand":[],"product_cat":[89],"product_tag":[229,107,230,251,228],"class_list":{"0":"post-8787","1":"product","2":"type-product","3":"status-publish","4":"has-post-thumbnail","6":"product_cat-geschenkideen","7":"product_tag-handgemachtes-geback","8":"product_tag-krautertee","9":"product_tag-pralinen","10":"product_tag-saife","11":"product_tag-weihnachten21","13":"first","14":"outofstock","15":"taxable","16":"shipping-taxable","17":"purchasable","18":"product-type-simple"},"_links":{"self":[{"href":"https:\/\/erbeticino.ch\/de\/wp-json\/wp\/v2\/product\/8787","targetHints":{"allow":["GET"]}}],"collection":[{"href":"https:\/\/erbeticino.ch\/de\/wp-json\/wp\/v2\/product"}],"about":[{"href":"https:\/\/erbeticino.ch\/de\/wp-json\/wp\/v2\/types\/product"}],"replies":[{"embeddable":true,"href":"https:\/\/erbeticino.ch\/de\/wp-json\/wp\/v2\/comments?post=8787"}],"wp:featuredmedia":[{"embeddable":true,"href":"https:\/\/erbeticino.ch\/de\/wp-json\/wp\/v2\/media\/8426"}],"wp:attachment":[{"href":"https:\/\/erbeticino.ch\/de\/wp-json\/wp\/v2\/media?parent=8787"}],"wp:term":[{"taxonomy":"product_brand","embeddable":true,"href":"https:\/\/erbeticino.ch\/de\/wp-json\/wp\/v2\/product_brand?post=8787"},{"taxonomy":"product_cat","embeddable":true,"href":"https:\/\/erbeticino.ch\/de\/wp-json\/wp\/v2\/product_cat?post=8787"},{"taxonomy":"product_tag","embeddable":true,"href":"https:\/\/erbeticino.ch\/de\/wp-json\/wp\/v2\/product_tag?post=8787"}],"curies":[{"name":"wp","href":"https:\/\/api.w.org\/{rel}","templated":true}]}}

<p>Aromen und Düfte, die jeden Herbst- oder Wintertag verschönern können. Unser Wohlfühl-Kräutertee mit Bio-Kräutern aus dem Tessin, zwei Packungen handwerklich hergestellter Kekse, eine Tüte exklusiver Pralinen aus dem Sortiment von &#8222;Chocolat Stella&#8220; und ein veganes und ökologisch nachhaltiges Stück Lavendelseife, das ebenfalls auf unseren Feldern angebaut wird. Null-Kilometer-Kuscheln.</p>

<p>Der Duft von Lavendel in einem exklusiven Seifenstück, ein Wellness-Kräutertee, zwei Päckchen handwerklich hergestellter Kekse und unsere ausgewählten &#8222;Chocolat Stella&#8220;-Pralinen.</p>
